{"id":21,"date":"2024-09-15T23:32:56","date_gmt":"2024-09-15T21:32:56","guid":{"rendered":"https:\/\/creaverba.com\/?page_id=21"},"modified":"2025-06-15T17:11:44","modified_gmt":"2025-06-15T15:11:44","slug":"home","status":"publish","type":"page","link":"https:\/\/creaverba.com\/","title":{"rendered":"Home"},"content":{"rendered":"\t\t<div data-elementor-type=\"wp-page\" data-elementor-id=\"21\" class=\"elementor elementor-21\">\n\t\t\t\t<div class=\"elementor-element elementor-element-33c0a9c e-con-full e-flex e-con e-parent\" data-id=\"33c0a9c\" data-element_type=\"container\">\n\t\t<div class=\"elementor-element elementor-element-eabe298 e-con-full e-flex e-con e-child\" data-id=\"eabe298\" data-element_type=\"container\" data-settings=\"{&quot;background_background&quot;:&quot;slideshow&quot;,&quot;background_slideshow_gallery&quot;:[{&quot;id&quot;:65,&quot;url&quot;:&quot;http:\\\/\\\/creaverba.com\\\/wp-content\\\/uploads\\\/2024\\\/09\\\/8e363a65-6419-419c-b5b3-10b8b48f9626-1.png&quot;}],&quot;background_slideshow_loop&quot;:&quot;yes&quot;,&quot;background_slideshow_slide_duration&quot;:5000,&quot;background_slideshow_slide_transition&quot;:&quot;fade&quot;,&quot;background_slideshow_transition_duration&quot;:500}\">\n\t\t\t\t<div class=\"elementor-element elementor-element-cdafc8d elementor-widget elementor-widget-heading\" data-id=\"cdafc8d\" data-element_type=\"widget\" data-widget_type=\"heading.default\">\n\t\t\t\t<div class=\"elementor-widget-container\">\n\t\t\t<h1 class=\"elementor-heading-title elementor-size-default\">Cr\u00e9aVerba<\/h1>\t\t<\/div>\n\t\t\t\t<\/div>\n\t\t<div class=\"elementor-element elementor-element-f8187b9 e-con-full e-flex e-con e-child\" data-id=\"f8187b9\" data-element_type=\"container\" data-settings=\"{&quot;background_background&quot;:&quot;classic&quot;}\">\n\t\t\t\t<div class=\"elementor-element elementor-element-7c71807 elementor-align-justify elementor-widget elementor-widget-button\" data-id=\"7c71807\" data-element_type=\"widget\" data-widget_type=\"button.default\">\n\t\t\t\t<div class=\"elementor-widget-container\">\n\t\t\t\t\t<div class=\"elementor-button-wrapper\">\n\t\t\t<a class=\"elementor-button elementor-button-link elementor-size-sm elementor-animation-grow\" href=\"https:\/\/creaverba.com\/index.php\/elementor-page-225\/\">\n\t\t\t\t\t\t<span class=\"elementor-button-content-wrapper\">\n\t\t\t\t\t\t\t\t\t<span class=\"elementor-button-text\">PROCHAINS \u00c9V\u00c8NEMENTS \u276f PLUS D'INFOS<\/span>\n\t\t\t\t\t<\/span>\n\t\t\t\t\t<\/a>\n\t\t<\/div>\n\t\t\t\t<\/div>\n\t\t\t\t<\/div>\n\t\t\t\t<\/div>\n\t\t\t\t<\/div>\n\t\t<div class=\"elementor-element elementor-element-57753a7 e-con-full e-flex e-con e-child\" data-id=\"57753a7\" data-element_type=\"container\">\n\t\t\t\t<div class=\"elementor-element elementor-element-e7ab670 elementor-widget elementor-widget-text-editor\" data-id=\"e7ab670\" data-element_type=\"widget\" data-widget_type=\"text-editor.default\">\n\t\t\t\t<div class=\"elementor-widget-container\">\n\t\t\t\t\t\t\t<h2>\u00a0 \u00a0<\/h2><h4>\u00a0 \u00a0 \u00a0 \u00a0DR\u00d4ME -ARD\u00c8CHE<\/h4><p><strong>Ateliers d&#8217;\u00e9criture<\/strong> <strong>cr\u00e9ative<\/strong><br \/><strong>\u00a0 \u00a0 \u00a0 \u00a0 tous publics<\/strong><\/p><p><em>Valence &#8211; Privas &#8211; Chom\u00e9rac\u00a0 \u00a0 \u00a0 \u00a0 \u00a0 \u00a0 \u00a0 \u00a0 Saint-P\u00e9ray<\/em><\/p>\t\t\t\t\t\t<\/div>\n\t\t\t\t<\/div>\n\t\t\t\t<div class=\"elementor-element elementor-element-85976b8 elementor-widget elementor-widget-text-editor\" data-id=\"85976b8\" data-element_type=\"widget\" data-widget_type=\"text-editor.default\">\n\t\t\t\t<div class=\"elementor-widget-container\">\n\t\t\t\t\t\t\t<p><strong style=\"color: #1e1e1e; font-family: 'DM Serif Display', serif; font-size: 22px; white-space: pretty; background-color: #ffffff;\">Vous avez envie d\u2019\u00e9crire, mais vous avez besoin d\u2019\u00eatre <\/strong><strong style=\"color: #1e1e1e; font-family: 'DM Serif Display', serif; font-size: 22px; white-space: pretty; background-color: #ffffff;\">guid\u00e9.e dans cette exp\u00e9rience, motiv\u00e9.e par une d\u00e9marche collective ?<\/strong><\/p>\t\t\t\t\t\t<\/div>\n\t\t\t\t<\/div>\n\t\t\t\t<div class=\"elementor-element elementor-element-0b522dd elementor-widget elementor-widget-text-editor\" data-id=\"0b522dd\" data-element_type=\"widget\" data-widget_type=\"text-editor.default\">\n\t\t\t\t<div class=\"elementor-widget-container\">\n\t\t\t\t\t\t\t<p>\u00a0\u00a0\u00a0\u00a0\u00a0\u00a0\u00a0\u00a0\u00a0\u00a0\u00a0 Ce dispositif ne dispense pas une formation pour devenir \u00e9crivain, mais un parcours qui vous permettra de d\u00e9couvrir ou red\u00e9couvrir le <strong>plaisir d\u2019\u00e9crire, <\/strong>de donner toute leur place \u00e0<strong> votre imagination, votre cr\u00e9ativit\u00e9. <\/strong>Vous pourrez cheminer progressivement vers une <strong>expression qui vous corresponde<\/strong>, un style dans lequel vous vous reconna\u00eetrez. Chacun pourra \u00e9voluer \u00e0 son rythme, quel que soit son niveau.<\/p><p>\u00a0 \u00a0 \u00a0 \u00a0 \u00a0 \u00a0 \u00a0 Le but de ce dispositif est \u00e9galement de cr\u00e9er du lien dans un cadre convivial et bienveillant, de vous faire partager un moment privil\u00e9gi\u00e9, une parenth\u00e8se apaisante.<\/p>\t\t\t\t\t\t<\/div>\n\t\t\t\t<\/div>\n\t\t<div class=\"elementor-element elementor-element-3a5e978 e-con-full e-flex e-con e-child\" data-id=\"3a5e978\" data-element_type=\"container\">\n\t\t\t\t<div class=\"elementor-element elementor-element-ec87d6e elementor-align-center elementor-widget elementor-widget-button\" data-id=\"ec87d6e\" data-element_type=\"widget\" data-widget_type=\"button.default\">\n\t\t\t\t<div class=\"elementor-widget-container\">\n\t\t\t\t\t<div class=\"elementor-button-wrapper\">\n\t\t\t<a class=\"elementor-button elementor-button-link elementor-size-sm\" href=\"https:\/\/creaverba.com\/index.php\/deroulement\/\">\n\t\t\t\t\t\t<span class=\"elementor-button-content-wrapper\">\n\t\t\t\t\t\t<span class=\"elementor-button-icon\">\n\t\t\t\t<svg aria-hidden=\"true\" class=\"e-font-icon-svg e-fas-arrow-alt-circle-right\" viewBox=\"0 0 512 512\" xmlns=\"http:\/\/www.w3.org\/2000\/svg\"><path d=\"M256 8c137 0 248 111 248 248S393 504 256 504 8 393 8 256 119 8 256 8zM140 300h116v70.9c0 10.7 13 16.1 20.5 8.5l114.3-114.9c4.7-4.7 4.7-12.2 0-16.9l-114.3-115c-7.6-7.6-20.5-2.2-20.5 8.5V212H140c-6.6 0-12 5.4-12 12v64c0 6.6 5.4 12 12 12z\"><\/path><\/svg>\t\t\t<\/span>\n\t\t\t\t\t\t\t\t\t<span class=\"elementor-button-text\">D\u00c9COUVRIR LES ATELIERS<\/span>\n\t\t\t\t\t<\/span>\n\t\t\t\t\t<\/a>\n\t\t<\/div>\n\t\t\t\t<\/div>\n\t\t\t\t<\/div>\n\t\t\t\t<div class=\"elementor-element elementor-element-13087c0 elementor-widget elementor-widget-button\" data-id=\"13087c0\" data-element_type=\"widget\" data-widget_type=\"button.default\">\n\t\t\t\t<div class=\"elementor-widget-container\">\n\t\t\t\t\t<div class=\"elementor-button-wrapper\">\n\t\t\t<a class=\"elementor-button elementor-button-link elementor-size-sm\" href=\"https:\/\/creaverba.com\/index.php\/contact\/\">\n\t\t\t\t\t\t<span class=\"elementor-button-content-wrapper\">\n\t\t\t\t\t\t<span class=\"elementor-button-icon\">\n\t\t\t\t<svg aria-hidden=\"true\" class=\"e-font-icon-svg e-fas-phone-square-alt\" viewBox=\"0 0 448 512\" xmlns=\"http:\/\/www.w3.org\/2000\/svg\"><path d=\"M400 32H48A48 48 0 0 0 0 80v352a48 48 0 0 0 48 48h352a48 48 0 0 0 48-48V80a48 48 0 0 0-48-48zm-16.39 307.37l-15 65A15 15 0 0 1 354 416C194 416 64 286.29 64 126a15.7 15.7 0 0 1 11.63-14.61l65-15A18.23 18.23 0 0 1 144 96a16.27 16.27 0 0 1 13.79 9.09l30 70A17.9 17.9 0 0 1 189 181a17 17 0 0 1-5.5 11.61l-37.89 31a231.91 231.91 0 0 0 110.78 110.78l31-37.89A17 17 0 0 1 299 291a17.85 17.85 0 0 1 5.91 1.21l70 30A16.25 16.25 0 0 1 384 336a17.41 17.41 0 0 1-.39 3.37z\"><\/path><\/svg>\t\t\t<\/span>\n\t\t\t\t\t\t\t\t\t<span class=\"elementor-button-text\">PRENDRE CONTACT<\/span>\n\t\t\t\t\t<\/span>\n\t\t\t\t\t<\/a>\n\t\t<\/div>\n\t\t\t\t<\/div>\n\t\t\t\t<\/div>\n\t\t\t\t<\/div>\n\t\t\t\t<\/div>\n\t\t\t\t<\/div>\n\t\t\t\t<\/div>\n\t\t","protected":false},"excerpt":{"rendered":"<p>Cr\u00e9aVerba PROCHAINS \u00c9V\u00c8NEMENTS \u276f PLUS D&#8217;INFOS \u00a0 \u00a0 \u00a0 \u00a0 \u00a0 \u00a0DR\u00d4ME -ARD\u00c8CHE Ateliers d&#8217;\u00e9criture cr\u00e9ative\u00a0 \u00a0 \u00a0 \u00a0 tous publics Valence &#8211; Privas &#8211; Chom\u00e9rac\u00a0 \u00a0 \u00a0 \u00a0 \u00a0 \u00a0 \u00a0 \u00a0 Saint-P\u00e9ray Vous avez envie d\u2019\u00e9crire, mais vous avez besoin d\u2019\u00eatre guid\u00e9.e dans cette exp\u00e9rience, motiv\u00e9.e par une d\u00e9marche collective ? \u00a0\u00a0\u00a0\u00a0\u00a0\u00a0\u00a0\u00a0\u00a0\u00a0\u00a0 Ce [&hellip;]<\/p>\n","protected":false},"author":1,"featured_media":0,"parent":0,"menu_order":0,"comment_status":"closed","ping_status":"closed","template":"","meta":{"footnotes":""},"class_list":["post-21","page","type-page","status-publish","hentry"],"_links":{"self":[{"href":"https:\/\/creaverba.com\/index.php\/wp-json\/wp\/v2\/pages\/21","targetHints":{"allow":["GET"]}}],"collection":[{"href":"https:\/\/creaverba.com\/index.php\/wp-json\/wp\/v2\/pages"}],"about":[{"href":"https:\/\/creaverba.com\/index.php\/wp-json\/wp\/v2\/types\/page"}],"author":[{"embeddable":true,"href":"https:\/\/creaverba.com\/index.php\/wp-json\/wp\/v2\/users\/1"}],"replies":[{"embeddable":true,"href":"https:\/\/creaverba.com\/index.php\/wp-json\/wp\/v2\/comments?post=21"}],"version-history":[{"count":124,"href":"https:\/\/creaverba.com\/index.php\/wp-json\/wp\/v2\/pages\/21\/revisions"}],"predecessor-version":[{"id":509,"href":"https:\/\/creaverba.com\/index.php\/wp-json\/wp\/v2\/pages\/21\/revisions\/509"}],"wp:attachment":[{"href":"https:\/\/creaverba.com\/index.php\/wp-json\/wp\/v2\/media?parent=21"}],"curies":[{"name":"wp","href":"https:\/\/api.w.org\/{rel}","templated":true}]}}